ded by w?
1
Let q(s) = -8*s + 27. Let o be q(3). Suppose 56 = -v + o*v. What is the remainder when 83 is divided by v?
27
Let s(m) = -2*m**3 + 12*m**2 - 10*m. Let b be s(4). Suppose -2*n = -6*n + b. What is the remainder when 25 is divided by n?
1
Let h = -6215 - -11118. Calculate the remainder when h is divided by 22.
19
Let u(c) = 177*c + 225. Let y be u(-6). Let t = -635 - y. Calculate the remainder when t is divided by 41.
38
Suppose 70*y - 64*y = -498. Let h = 1 - y. Calculate the remainder when h is divided by 22.
18
Let h = 303 - 213. Suppose j = 6*j - 5*d - h, j - 26 = -d. Calculate the remainder when 40 is divided by ((j - 1) + 0)/1.
19
Let b = 694 - 440. Suppose -5*l - o = -2071, 4*o + 156 = l - b. Suppose 0*u - l = -3*u. Calculate the remainder when u is divided by 35.
33
Let t(j) = 35*j - 3. Let w(q) = -37*q + 4. Let o(z) = 3*t(z) + 2*w(z). What is the remainder when 52 is divided by o(1)?
22
Let x(i) = -19*i + 1128. Calculate the remainder when x(57) is divided by 27.
18
Let c(h) = 2*h**3 - 2*h**2 - h + 2. Let t be c(2). Calculate the remainder when 34 is divided by t + 6*4/24.
7
Let x = 2292 - 1225. What is the remainder when x is divided by 9?
5
Let j = -555 + 929. Suppose -4*n + 5*a + 1913 = 0, -2*n - 3*a + 577 + j = 0. Calculate the remainder when n is divided by 20.
17
Let m be (0 - -4 - 2)/2. What is the remainder when -1*(404/(-8))/(m/2) is divided by 14?
3
Suppose -3*b + 481 = -2*c, -4*c = -b + 139 + 28. What is the remainder when b is divided by 61?
37
Suppose -6983 = -25*f - 2410 + 2452. What is the remainder when f is divided by 102?
77
Suppose -2135*w - 2520 = -2261*w. What is the remainder when 7/(-21) - (-196)/3 is divided by w?
5
Suppose 2*y = -2*l + 8, 7*l = -2*y + 4*l + 8. Let x(b) = b**3 - 7*b + 7. Calculate the remainder when 256 is divided by x(y).
41
Let h = -12 - -16. Suppose -52 + 28 = h*n. Let m(c) = -c**3 - 7*c**2 - 8*c + 4. What is the remainder when 44 is divided by m(n)?
12
Suppose 0 = 2*m - 6, 0 = -0*r + 4*r - 4*m - 4. Suppose -4*d = -d - 15. What is the remainder when 26/130 - (-54)/d is divided by r?
3
Let j(r) = r + 27. Let y(d) = 7*d + 135. Let h(b) = -11*j(b) + 2*y(b). What is the remainder when 54 is divided by h(14)?
9
Suppose 0 = -2*a - 5*p + p - 1004, -2*a + 5*p - 977 = 0. What is the remainder when 141 is divided by a/(-20) + 8/(-10)?
21
Let m be (-6)/(-4)*2/3*2. Suppose -5*p = -3*j - 382, -238 = -3*p - m*j + 6*j. Suppose 0 = -5*t + 7*t - p. Calculate the remainder when 183 is divided by t.
35
Let v(g) = g**2 - 16*g + 54. Let w be v(4). Let x = w - -60. Calculate the remainder when 196 is divided by x.
64
What is the remainder when 1440 + -7*(-150)/(-105) is divided by 142?
10
Suppose 5*t + k = 1795, 0 = -0*t + 4*t - k - 1427. Let c = -207 + t. Calculate the remainder when c is divided by 3*-1*(-76)/6.
37
Let v(x) = 11*x**3 + 3*x**2 + 32*x - 75. What is the remainder when 1725 is divided by v(3)?
0
Let u(z) = 4*z - 207. Let m(a) = -2*a + 209. Let n(q) = -3*m(q) - 4*u(q). Calculate the remainder when n(10) is divided by 29.
14
Suppose p + 3*p = -4, -2*x + 93 = p. Let y = -30 + 34. Suppose 0 = 3*s - y*s + 12. What is the remainder when x is divided by s?
11
Let b = 3566 + -2106. Calculate the remainder when b is divided by 43.
41
Suppose 2*c + 14*y - 10 = 9*y, 0 = -3*y - 6. Suppose c*z - 13*z = h - 22, -20 = -2*h + 2*z. What is the remainder when -2 - -1 - 1*-103 is divided by h?
11
Let h be (9/(-6))/((-18)/8004). Let r = h + -655. What is the remainder when 490 is divided by r?
10
Let r(k) = 121*k**2 + 140*k**2 - 2*k**3 - 28*k - 13 + 3*k**3 - 281*k**2. What is the remainder when r(22) is divided by 19?
16
Let q = -510 + 535. Calculate the remainder when (85365/q)/9 - 3/(-5) is divided by 48.
44
Suppose -2*p + 34 = -0*p + j, 5*j = 2*p - 46. What is the remainder when 8 + (-7)/((-7)/(-2)) + 46 is divided by p?
16
Suppose 0 = 2*l - 2*l - 23*l + 621. What is the remainder when 226 is divided by l?
10
Let y(u) = 552*u + 2256. What is the remainder when 439 is divided by y(-4)?
7
Suppose 6*s + 5*w = s - 25, -3*s = w + 9. Let u(x) = -12*x**3 + 4*x**2 + 5*x + 1. What is the remainder when u(s) is divided by 26?
25
Suppose 55066 = 126*j + 4288. Calculate the remainder when j is divided by 6.
1
Calculate the remainder when (-34)/(-8)*(-43 - (-1485)/15) is divided by 38.
10
Let p(m) = m**3 - m**2 + 10*m - 11. Let s be p(2). Suppose s*y = 201 + 20. What is the remainder when 64 is divided by y?
13
Suppose 13*x - 56 + 4 = 0. Suppose 71 = x*k - 5*z, 4*z = 6*z + 6. What is the remainder when 27 is divided by k?
13
Let l(i) = -34*i**2 + 23 - 2*i + 40*i**2 - 9*i**2. Let k(u) = -u - 8. Let z be k(-8). Calculate the remainder when l(z) is divided by 9.
5
Let t = -9218 - -9329. Suppose 4*s = 3*s - 2*w + 36, 0 = 3*s + w - 93. What is the remainder when t is divided by s?
21
Let j = 2693 + -2669. What is the remainder when 1247 is divided by j?
23
Suppose -10*y + 2060 = -1720. Calculate the remainder when y is divided by 74.
8
Suppose 2*r = 2*k - 38, 0 = -3*k - 2*r - 11 + 83. Suppose 4*b = 4*c + 256, 5*b + 3*c = -2*c + 310. What is the remainder when b is divided by k?
19
Suppose 0 = -38*s + 5135 + 45139. Calculate the remainder when s is divided by 53.
51
Suppose -a + 272 - 39 = 0. Let r = -142 + a. Let j(v) = 2*v**3 + v**2 + 3*v - 3. Calculate the remainder when r is divided by j(2).
22
Let n = 9103 + -9089. Suppose -1397 = -2*m + v, -2*m + v - 5*v = -1392. What is the remainder when m is divided by n?
12
Let o = -23623 + 23834. What is the remainder when 837 is divided by o?
204
Let t(x) = x**2 + 9*x + 3. Let d(b) = -b**2 + 5*b + 4. What is the remainder when d(4) is divided by t(0)?
2
Let a = -82 + 107. Let g(u) = u**3 - 26*u**2 + 33*u - 51. What is the remainder when g(a) is divided by 40?
29
Let r = 1175 - 1172. Suppose r*x = 23 - 14. What is the remainder when (39/9)/(2/6) is divided by x?
1
Calculate the remainder when 135 is divided by 1*(-19 - -4)*11/(-3).
25
Let a be -4 - (-1 - -2) - -43. Let m = a - 20. Calculate the remainder when 89 is divided by m.
17
Let d(p) = p**3 - 38*p**2 + 12*p + 52. Let f be d(38). Let n = -488 + f. Calculate the remainder when n is divided by 11.
9
Let h(q) = -6*q**3 + 66*q**2 + 25*q - 50. What is the remainder when 668 is divided by h(11)?
218
Suppose -5*j - 5*s + 225 = 0, -27*j + 2*s - 47 = -28*j. What is the remainder when 165 is divided by j?
36
Suppose 5*v - 33 = 12. Let s(q) = -q**3 + 7*q**2 + 19*q + 6. What is the remainder when 112 is divided by s(v)?
7
Let v(d) = -d**2 + 85*d - 578. Calculate the remainder when v(27) is divided by 45.
43
Suppose -97*a + 19*a = -6786. Calculate the remainder when 1999 is divided by a.
85
What is the remainder when 1171 is divided by 14972/64 + (-91)/(-1456)?
1
Suppose 0 = 3*f - 2*p - 73, p = 2*f + 3*p - 62. Let h = 19 - -23. What is the remainder when h is divided by (-15)/(-10) + f/2?
12
Let r(t) = -405*t - 3206. Calculate the remainder when r(-9) is divided by 124.
67
Let p be 1/(-6) + (82660/(-24))/5. Let j = 1051 + p. Suppose -j - 322 = -9*k. What is the remainder when k is divided by 10?
6
Let x(h) = -7*h**2 + 144*h + 125. Calculate the remainder when 4714 is divided by x(20).
204
Suppose 3548 + 22206 = 353*c - 5310. What is the remainder when 650 is divided by c?
34
Suppose t - 57 = -t + 3*p, -3*t + 133 = 5*p. Suppose -f + t = 29. Calculate the remainder when (-1)/5 + (-121)/(-5) is divided by f.
3
Let f(u) = 115*u - 327. Let z(o) = 41*o - 109. Let c(g) = -6*f(g) + 17*z(g). What is the remainder when 386 is divided by c(-15)?
2
Suppose -5*t - 1112 = -4*s, -3*t = 350 - 374. What is the remainder when 836 is divided by s?
260
Suppose 46 = n + n. Calculate the remainder when (93 - 94)*(-179 + -2) is divided by n.
20
Let f(n) = -9*n**3 - 68*n**2 - 5*n + 16. Calculate the remainder when f(-8) is divided by 8.
0
Let v = 15059 + -13647. What is the remainder when v is divided by 1404?
8
What is the remainder when 238/(-1904) - 5585/(-16)*2 is divided by 24?
2
Let o(c) = 4*c**2 + 4*c**2 - 4*c**2 - 5*c**2 - 6 + 3*c**3 + 7*c - 2*c**3. Calculate the remainder when 43 is divided by o(3).
10
Suppose 2*o + q = 608, 12*o - 3*q = 7*o + 1520. Suppose -672*f = -680*f + o. What is the remainder when 187 is divided by f?
35
Let f(w) = 4*w**2 +